at is the value of -158 - -166 - (2 + -26 + 3)?
29
Evaluate -73 + 2 + (-1 - 7 - (-55 - (-23 + -21))).
-68
Evaluate 13 + (-17 + 6 - -4) - (-79 + -6 + 0).
91
What is 5 + -5 + -12 + 28?
16
(916 - 982) + -49 + 8
-107
Calculate -8 - ((27 - 23 - -65) + (-1 - 1) + -1).
-74
Calculate 109 + -159 + 61 - -62.
73
What is -475 - -495 - (-25 + -3 + 1)?
47
What is 0 - ((-224 + 226 - (4 - 0)) + (-3 - -4))?
1
Evaluate (-6 + 21 - (16 + -4 + 4)) + 5.
4
Evaluate (11 - 0) + -39 + 5 + -6.
-29
Evaluate 1 - 58 - 1 - (107 - (394 + -306)).
-77
What is (0 - (9 + -7 + (1 - 9))) + (10 - -103)?
119
What is (18 - -26 - 54 - (0 + -116)) + 20?
126
(7 - 15) + (-6 - (3 + -12)) + -76
-81
Evaluate 3 - 3 - 2 - (37 + (-20 - (175 - 46))).
110
Evaluate 33 + -65 - (13 + -11 + 10).
-44
What is 26 + -7 - (29 - (-10 - 5))?
-25
What is the value of -13 - 14 - -53 - (70 - -2)?
-46
Evaluate 10 + 5 + 12 + (2 - (15 + -6)).
20
What is the value of 109 + (-100 + 132 - 68)?
73
Evaluate -12 - (-9 + 3 + -46 + 31) - (-1 + 0).
10
2 + (9 - (-6 - -3)) - (34 - 17)
-3
Calculate 9 + -35 + -6 - (37 - 28).
-41
Calculate 6 - 7 - (-39 + 1 - 51).
88
Evaluate (-2 - 0) + (35 - 24) - (76 + (-32 - -16)).
-51
What is the value of (-1 - -5) + (-24 - -94) + (-101 - -85)?
58
(-43 - -50) + -33 + 32
6
What is -4 - 9 - ((3 + -2 - 6) + (-301 - -340))?
-47
Calculate (115 - 96 - 16) + -2 + -24 - 10.
-33
What is 21 - ((-5 - -15) + 41) - -8?
-22
What is -24 - ((-5 - (-13 + -25)) + -11 + -12)?
-34
What is the value of -13 + (-1 + -7 - (108 - 123)) + 124?
118
-23 - (22 - 7 - 12 - 11)
-15
Calculate (3 - 114) + (21 - ((-41 - -20) + 36)).
-105
-8 + (54 - (-34 + 76))
4
Evaluate -3 + 13 + -19 - -57.
48
13 + -16 + 0 + (9 - -17 - 13)
10
Calculate 139 + -95 + -27 + (0 - 27).
-10
Evaluate -15 + -1 + -3 - (-68 - -39 - -19) - -59.
50
Evaluate 5 - (-5 + 11 + 8 + -2).
-7
What is 77 - (-25 + -66 + 157)?
11
What is -24 + -27 + 7 + 9 + 16?
-19
-76 + 0 + (92 - 68)
-52
What is (-3 - -1) + -1 - (5712 - 5715)?
0
What is the value of 61 + 51 + -86 + -27?
-1
Evaluate 24 - (-3 + -14 - (28 - 127)).
-58
Calculate -58 + (0 - -23 - (407 - 393)).
-49
Evaluate (-2 - 13) + 29 + (-4 - 8) - (0 - -56).
-54
Calculate 36 + -50 - (2 + -13 + (-63 - -57)).
3
Calculate -9 + (70 - 56) - (15 - 1) - -14.
5
What is 7 + -40 + 13 + 85?
65
Evaluate -7 - -9 - (-86 + 66).
22
What is the value of -1 + -6 + 3 + 108 - (33 - (59 - 33))?
97
What is the value of -103 + 52 + (58 - 49)?
-42
What is -2377 + 2360 + (1 - -83)?
67
-29 + 4 + (-14 + 17 - -11) + -16
-27
25 + 6 + 20 - 14 - -11
48
What is (-1 - 0 - (-255 - -253)) + (-1 - -10)?
10
64 + -13 + -26 + -13
12
What is 0 + -3 + (1 - 23 - (-4 + -96 + 157))?
-82
Calculate 23 + (35 - (-105 + 256)).
-93
Calculate 8 + (3 - (14 - 16)) + (-19 - -2).
-4
What is (58 + -89 - (-18 - -2) - (-4 - 24)) + 46?
59
25 - (-14 - -43) - (-2 + (-43 - (1 - -2)))
44
What is the value of 24 + -50 + 10 + -40?
-56
What is 88 + -7 + 12 + 10 - 13 - (-16 - -5)?
101
What is the value of -5 + (57 + 19 + -33 - 28)?
10
Calculate -2 + 41 + (-1 - (5 - 8 - (-8 + 8))).
41
What is the value of -14 - ((-25 - 45) + 28)?
28
What is the value of -14 + -2 + 2 + -71 + (114 - 73)?
-44
What is (109 - (31 - -8)) + -42?
28
What is 26 - (-30 + 49 + 16 + -4)?
-5
32 - -39 - (-37 - (-16 - 2) - (-1 - 4))
85
-20 - (-18 + 25 - 21 - -69)
-75
Calculate 1 - 60 - (170 + (-5 - 151)).
-73
What is 32 - (143 + -23 + -44)?
-44
What is the value of (76 - 192 - -10) + 36?
-70
What is the value of 2 - ((-3 - 5) + 0 + 13) - -16?
13
What is the value of 31655 + -31664 - (1 + -2 - 2)?
-6
What is -35 - (7 + (-24 - 12)) - -102?
96
(11 - -33 - 32) + -6 + 45 + -4
47
Evaluate 709 + -737 - (19 + -5).
-42
What is (-54 - -13) + (-125 + 51 - -203)?
88
What is -19 + 6 + (-17 - -12) + -18 + 12?
-24
Evaluate -8 + 8 + 16 - (-26 + 12 - -15).
15
2 - (0 - 5) - ((25 - 127) + 50)
59
Evaluate -6 - (-90 - (42 + -67)).
59
What is the value of 0 + -1 + -19 + -28?
-48
What is the value of (-183 - (-54 + -67)) + (2 - 1 - 3) + 3?
-61
What is the value of 4 - (-89 + 148 - -8)?
-63
What is the value of 106 - (2 + -16 + 34 + -9 + 2)?
93
What is 51 + -5 + 44 - (13 + -12 - (0 + 5))?
94
(1 - 7) + (23 + -15 + 5 - (63 - 10))
-46
Evaluate 58 + -2 + -2172 + 2153.
37
Evaluate -17 + (7 - -6) + (-24 - -38).
10
What is -3 + (0 - -9) - (-2 + 75 + -34)?
-33
87 + (-41 - (102 + -79))
23
Evaluate -91 - -1 - ((59 - 81) + (13 + -10 - -14)).
-85
What is the value of (-6 - -5 - -22) + -82 + 76 + 6?
21
Calculate -7 + (15 - (-2 - -3 - 8 - -16)).
-1
Calculate -2989 + 2994 - (0 + -1).
6
Calculate (10 - 21) + -69 + 129.
49
What is 4 + (-14 - 2) + 6 - -20 - (-229 + 211)?
32
What is the value of -16 + 102 - (-61 + 115)?
32
(5 - (1 - (-9 + 4)) - (21 - 12)) + 124
114
What is the value of (-42 - -54) + -4 + (-2 - 4) + 30?
32
(-69 + 12 + 19 - 0) + 3
-35
What is the value of 1 - -2 - (-187 + 61) - (-2 - -1)?
130
Evaluate -11 - ((0 + 5 - 5 - -12) + -1).
-22
What is (-3 + 14 + -7 - -6) + (-4 - 35)?
-29
Calculate 4 + 36 + (-1 - 4 - (1 + 3 + 1)).
30
What is 34 + (-34 - -1) + 16 + 114?
131
What is the value of (-64 + 28 - (14 - 45)) + (1 - 7)?
-11
What is the value of 25 + -14 - 13 - (-2 + 9) - (-69 - 1)?
61
Evaluate 75 - (6 - ((-14 - (-28 - -17)) + -1)).
65
What is (-53 + 29 + 11 - -11) + 2 + 66?
66
What is the value of -56 + 4 + 8 + (-13 - 3)?
-60
(15 - (13 - (30 - -1))) + (17 - (-7 + 19))
38
(23 - 5) + (16 - (-8 - -35)) + -35
-28
What is -37 + 158 - (-18 - -94)?
45
What is 9 + 29 + -33 + (29 - -3) + 2?
39
What is (-130 - -203) + 16 + -2 + (6 - 3)?
90
What is the value of 4 + 97 + 32 + -55 + -9 + 32?
101
What is 61 - ((7 - (-36 + 30)) + -30)?
78
-264 + 122 + -56 - -134
-64
26 + 10 + -11 - (79 + -68)
14
What is the value of (-17 - 24) + -3 + 74?
30
Calculate 76 - -1 - (100 - (-90 + 185)).
72
34 - (-2 + -4 + -20 - 10)
70
Calculate -19 - (2 + 0) - (129 - (-83 - -205)).
-28
0 + 6 + (-13 - (-1 + -16)) - (-81 + 40)
51
Evaluate 470 - 494 - (1 - -2 - 3) - 60.
-84
Calculate -7 + 8 + -6 - (-68 - -74) - -2.
-9
Calculate (-9 - -6) + -86 + -3 - (-1 - (-2 - -6)).
-87
(-21 + -1 - (56 - 70)) + 1 + -66 + 0
-73
Calculate 1 + 0 + 9 - (24 + 211 + -207).
-18
What is 21 + (-59 - (-34 - -28))?
-32
37 + (9 - 31 - (-27 + 4))
38
56 - (57 - 22) - (-10 + -15)
46
What is (14 - (-53 + 5)) + -122?
-60
(160 - 103 - 79) + -21
-43
What is the value of -2 - (-17 - (-22 + 27 - 19))?
1
-981 + 976 + (14 - -1) - 68
-58
Calculate -26 + 42 + (-9 - 71).
-64
What is 31 + (-18 + 76 - 98)?
-9
What is the value of (11 + -1 - 24) + -65 + (19 - 5)?
-65
Evaluate 91 + -91 + -66 + 2 + (2 + 2 - -1).
-59
-33 + 44 + (-122 - -29)
-82
0 + -3 + -1 + 8 - (1990 + -2018)
32
Evaluate (5 - (19 - 42)) + -25 + -60.
-57
Evaluate (-11 - (20 + (-31 - -16)) - 45) + 8 + 0.
-53
Calculate -92 - (-137 + (86 - -73)).
-114
Evaluate -1 - 5 - (-565 + 603 - (1 + -24)).
-67
Evaluate 89 - (-1 + (-24 - -28) - (-23 + 6)).
69
Evaluate -25 + 106 + 24 + -68.
37
24 + (-21 - (-12 - (-14 + 62)))
63
What is the value of -6 + 25 - 47 - -2 - -118?
92
Calculate 460 + -474 - (2 + 32).
-48
-7 - ((-75 - -62) + 13)
-7
Calculate (-4 + 20 - 4) + -606 + 613.
19
What is the value of 5 + -1 + 42 - (12 + -18 - (0 + 0))?
52
Calculate (24 + 15 - -5) + -7 - 11.
26
What is -9 + -64 - (-52 + -68)?
47
What is the value of 0 + 3 + (-24 - (-68 - -39))?
8
Calculate 5 - (-5 + 18) - (-22 + 21 + -21).
14
What is the value of -40 + 59 - (-1 + -12 + -2)?
34
Calculate 83 + 1 + -835 + 789.
38
What is 1 - (0 - (16 + -29) - 30)?
18
What is -448 - -490 - (2 - -2 - 0)?
38
What is the value of 22 - (-23 - -74 - 16 - 3)?
-10
What is the value of (-11 - (12 + -15 + -11)) + 14 + 0?
17
Calculate (-10 - 36) + (14 - 10).
-42
Calculate -4 + -73 + 10 + 61 + -65.
-71
What is the value of -9 - (-1 + -11 + (44 - (61 + -58)))?
-38
What is 21 + (25 + -17 - 13) - 19?
-3
(1 + 3 - (-12 + 6 + 15)) + -3 + -9
-17
What is -23 + -78 + -1 + 31 + -43?
-114
What is the value of -11 + -39 - 28 - -102?
24
Evaluate 0 + 21 + (-7 + 147 + -16 - 30).
115
What is (-2 - -3) + 83 - (-9 + (-13 - -31) + -3)?
78
(-9523 - -9534) + -145 + (3 + 2 + -3 - 1)
-133
Calculate 42 + (-31 - -9) + -36.
-16
What is 29 + -30 - ((113 - 118) + (0 - 18))?
22
(-2 + 11 + 44 - ((-4 - -4) + 5)) + 0
48
Evaluate 26 - 47 - -85 - 44.
20
Calculate 13 - (76 - (134 + -45)).
26
1 - 9 - 39 - ((-7 - 2) + -2 - -17)
-53
Evaluate -4 + (6 + 2 - -4)